 digit of i?
8
Suppose 2*i + 3*j + 8 + 7 = 0, 0 = i + 3*j + 12. Let p(d) = d**2 + 5*d + 3. Let g be p(i). Let z = 5 + g. What is the units digit of z?
2
Suppose 0*j + 35 = -5*p - j, 3*j = -15. Let l(k) = -11*k - 1. Let r be l(-1). Let h = p + r. What is the units digit of h?
4
Let l(q) = -7*q**2 - q + 1. Let z be l(1). Let s be ((-12)/5)/((-3)/(-15)). Let r = z - s. What is the units digit of r?
5
Let a = -2 + -1. What is the units digit of -4*((-45)/(-12))/a?
5
Suppose 2*a - 3 = 3*a, -4*a - 12 = 5*y. Suppose y*n - n + 17 = 0. Suppose 4*m + 32 = 3*w - 8, 0 = w - 5*m - n. What is the units digit of w?
2
Suppose -85 = -5*s + 3*b, -3*s - 4 = 2*b - 74. Let x = s - 11. What is the units digit of x?
9
Let q be 132/(-20) + 6/10. Let z(w) = w**3 + 5*w**2 - 8*w + 5. What is the tens digit of z(q)?
1
Let n be (3 - 4) + (12 - -1). Suppose 2*a + 2*a = n. Suppose a*w - 2 - 19 = 0. What is the units digit of w?
7
Let g(t) = t**2 - 2*t + 1. What is the units digit of g(3)?
4
Suppose 2*n = -3*x + 3, 5*n + x = -x + 2. Suppose -t + 3 = -n. Suppose -5 = -5*d, d - 12 - t = -2*a. What is the units digit of a?
7
Let g(x) = x**3 - 16*x**2 + x - 6. What is the tens digit of g(16)?
1
Let r(t) = -t**2 + 9*t - 11. Let m be r(8). Let q be ((-1)/m)/(1/21). Suppose -3*a = -4*g + 84, -60 = -q*g + 3*g - 3*a. What is the tens digit of g?
1
Let q(x) = -6*x - 3. Let t = 2 + -5. What is the units digit of q(t)?
5
Let t(h) = -h**2 - h + 1. Let g(o) = 5*o**2 + 19*o - 5. Let f(n) = g(n) + 6*t(n). What is the tens digit of f(11)?
2
Let j be ((-12)/(-9))/((-4)/(-6)). Suppose -m - 2*t + 4 = 5, -5*t - 25 = -5*m. Let s = m - j. What is the units digit of s?
1
Suppose 2*p + 0*p - 150 = 0. Suppose -4*h + 4*t = -52, -4*h + p = t + 3. What is the tens digit of h + 2*6/(-4)?
1
Let a(i) = i**3 + i - 1. Let m be a(1). What is the units digit of -3 - ((m - 0) + -12)?
8
Let x = 3 - 1. Let u(r) = -6*r**2 - 5*r**2 + r**3 - 4*r + 4*r**x + 5 + 3*r**2. What is the tens digit of u(5)?
1
Let s be (0 - (2 + -1))*-8. Let l = s - 3. What is the units digit of l?
5
Suppose -24 = n - 3*n. Let b be 231/n + 2/(-8). Suppose -6*p + 2*p = t - b, 2*p = -4*t + 34. What is the units digit of t?
7
Let i(o) = -5*o + 11. Let d(w) = w - 2. Let l(j) = -22*d(j) - 4*i(j). What is the units digit of l(-5)?
0
Let c(t) = 12*t + 30. What is the tens digit of c(5)?
9
Let v be ((-2)/4)/(2/(-16)). Let y be 6/14 - 1005/(-105). Suppose v*p - 3*p - y = 0. What is the units digit of p?
0
Suppose -5*j + 7 = -18. Let l = -11 + j. What is the units digit of (2/l)/(5/(-60))?
4
Let h be (-8)/(-3*1 - -2). Let p = 12 - h. What is the units digit of 8 + (2/1 - p)?
6
Suppose -c + 3*a - 3 = 0, 3 = c - 5*a + 2. Suppose -3*y + 14 = -h + 74, -5*h = -4*y - 245. What is the units digit of ((-12)/c)/(6/h)?
0
Suppose 4*n - 3*j = 481, 2*j = 2*n - 92 - 150. Let c = -83 + n. What is the units digit of c?
5
Let h(c) be the first derivative of -c**3/3 + 5*c**2 - 6*c + 6. What is the units digit of h(8)?
0
Let i = 4 + -3. Suppose 0 = 2*j - i - 3. Suppose 5*c = j*c + 18. What is the units digit of c?
6
Suppose -2*j + 104 + 52 = 0. What is the tens digit of j?
7
Let f(n) = 3*n - 6. Let g be f(3). Suppose 3*q = -5*w + 44, g*w - 6*w = -5*q + 28. What is the units digit of q?
8
Let b(i) = -i + 12. Let x be b(6). Suppose 3*h = x*h + 102. Let a = h + 47. What is the tens digit of a?
1
Suppose -3*v - 3 = 3. What is the units digit of 332/36 + v/9?
9
Let s(o) = -13*o + 4. Let q(m) = 4*m - 1 + 4 - 16*m. Let y(x) = 5*q(x) - 4*s(x). What is the units digit of y(-1)?
7
Let l be 2*4/(-8) + 111. Suppose -z - 86 = -3*o + o, 0 = -2*o - 5*z + l. What is the units digit of o?
5
Let f(r) = 7*r - 14. What is the tens digit of f(6)?
2
Let t be 51/15 + 4/(-10). Let r(p) = 2*p**2 + 3*p**2 - 9 + p**3 + 2*p**2 - 2*p**t + 11*p. What is the units digit of r(8)?
5
Suppose -3*u + 56 = -40. What is the tens digit of u?
3
Let d(r) = -r**3 + 2. Let h be d(2). Let u = h + 9. What is the units digit of 11*((-6)/u)/(-2)?
1
Let g = 20 - 15. Suppose -4*x + p + 57 = 0, g*x + p = -0*p + 78. What is the tens digit of x?
1
Suppose -2*v + 3*v + 4*y - 11 = 0, 4*v - y = 10. What is the units digit of v/1 - (2 + -5)?
6
Let n = -7 - -11. Suppose 2*h - 5*t + 5 = 7*h, -5*h = -n*t - 5. What is the units digit of h?
1
Let d be (-42)/(-5) + (-2)/5. What is the units digit of (0 - -46) + (d - 6)?
8
What is the tens digit of ((-5)/(15/4))/((-4)/240)?
8
Let p be 74/8*(0 - -4). Suppose -2*f + f = -p. What is the units digit of f?
7
What is the tens digit of 84*((-10)/(-6) + -1)?
5
Let n = -19 + 28. Suppose -n = 4*b + 51. What is the units digit of (-100)/b*(-6)/(-5)?
8
Let d(p) = p**3 + 7*p**2 - 9*p + 7. What is the tens digit of d(-8)?
1
Let r(d) = -d**2 + 12*d + 2. Let b = 6 - 0. What is the units digit of r(b)?
8
Let j(o) = o**2 - 2*o + 8. Let h be j(6). Let d be 1/(2/(-8)*-2). Suppose -4*t - h = -4*u, -4*u + d*u = 2*t. What is the units digit of u?
4
Suppose t = -t. Suppose -k - 3*m + 25 - 3 = 0, 3*k - 2*m = 22. Suppose -6 = o - 4*i, t*o - 2*o - 3*i + k = 0. What is the units digit of o?
2
Let w(o) be the second derivative of -o**5/60 + o**4/24 - o**3/3 - o. Let y(v) be the second derivative of w(v). What is the units digit of y(-3)?
7
Let o(y) = y**3 + 4*y**2 - 3*y - 3. Let z(d) = d**2 + 2*d - 6. Let k be z(-3). What is the tens digit of o(k)?
1
Let m be 13/3 + (-4)/12. Suppose 3*d + 0*d + 4*j = 32, -4*d + 4*j = m. What is the units digit of d/3*(0 - -3)?
4
Let p(m) = 16*m - 40. What is the units digit of p(15)?
0
Let o = 2 + 1. Suppose -o*x + 5*l + 0*l = -81, 0 = 4*x - 5*l - 113. What is the tens digit of x?
3
What is the tens digit of 367/2 + 5/(-2)?
8
Let m(z) = -3*z - 3. Let t be m(-3). Let b(s) = s**3 + 7*s**2 + 1. Let i be b(-7). Let n = i + t. What is the units digit of n?
7
Suppose g + 1 = 3*u + 6, -5*u + 10 = 0. Let y = g - 3. What is the units digit of y?
8
Let l = 1 - -51. What is the tens digit of l?
5
Suppose 0 = -5*x - 5, -2*l + 3*x + 65 = -58. Suppose c - l = 4*c. Let y = c + 34. What is the units digit of y?
4
Suppose -3*a - i = -2, -4*a + 2*i = i + 2. Suppose m - 54 + 13 = a. Suppose -m = -4*l + 27. What is the units digit of l?
7
Let j(b) be the third derivative of b**4/12 + b**3/6 - 3*b**2. What is the units digit of j(2)?
5
Suppose -5*w - 148 + 33 = -5*v, -3*v + 39 = 3*w. What is the tens digit of v?
1
What is the tens digit of 62 - 3*5/15?
6
Let k = 1 - 1. Suppose 0 = -2*r + 3*d + 67, -2*r - 4*d + k*d + 32 = 0. Suppose r = 4*y - 50. What is the units digit of y?
9
Let w(p) = -11*p + 2 - 5 - 3 + 4*p**2 - p**2. What is the units digit of w(5)?
4
Let v(z) = -z**2 - 12*z + 11. Let l = -19 - -10. Let a be v(l). Let q = -23 + a. What is the units digit of q?
5
Let m be -1 - (0 + 1 + -2). Suppose 5*q - 100 = 5*n, -2*q + 3*n + m*n + 41 = 0. What is the tens digit of q?
1
Let r be (-1 - -1)/(2 + -3). What is the units digit of (r - -2)/2*1?
1
Let j be (-26)/(5 + -3 + 0). Suppose 0 = o - 3*p - 1 - 4, 2*o = -p + 45. Let s = o + j. What is the units digit of s?
7
Let b(p) = p - 1. Let f(n) = n + 1. Let c(s) = b(s) - 2*f(s). Let u be c(-4). Suppose a + 12 + u = d, 4*d - a - 49 = 0. What is the units digit of d?
2
Suppose 0 = 2*n + 5*z - 57, 3*n + z - 35 = 57. What is the tens digit of n?
3
Suppose -281 - 13 = -2*u. What is the tens digit of u?
4
Let n be 6/18 + (-16)/(-6). Suppose -j = n - 8. What is the units digit of j?
5
Suppose 5*v - 20 = 3*v. What is the tens digit of v?
1
Let q(i) = -4*i + 19. Let n be q(6). Suppose -4*u - 12 - 12 = 0. Let l = n - u. What is the units digit of l?
1
Let r be -1 - 0 - (-6 + 2). What is the units digit of (r - 1) + (-3 - -9)?
8
Suppose 7*u + 61 = 208. What is the units digit of u?
1
Let i(k) be the second derivative of 3*k**4/4 + k**3/6 - k**2/2 - 3*k. What is the units digit of i(1)?
9
Suppose -2*i = -i - 2. Suppose i*k = -2*k. Suppose 0 = -k*s - 2*s + 16. What is the units digit of s?
8
Suppose 4*g = 19 + 53. Let o = 29 - g. What is the tens digit of o?
1
Let l = 70 + -145. What is the units digit of l/(-9) + 2/(-6)?
8
Let j(g) = g + 2. Let c be j(2). Suppose 2*x - c*p - 12 = 0, -3*x - 3*p = -p - 10. What is the units digit of x?
4
Let j = 260 - 464. Let u = -7 - 13. What is the units digit of j/u - (-2)/(-10)?
0
Let s(d) = d**3 - 8*d**2 - 8*d + 1. Suppo